 factors of m.
2
Suppose v + 1420 = 6*v. Suppose 4*b + 7 - 139 = -2*c, v = 4*c + 3*b. Let i = -52 + c. What are the prime factors of i?
2, 11
Let s(z) = 6*z + 47. Suppose -5*y = -2*q + 72, 0 = q - 0*y + 4*y - 10. What are the prime factors of s(q)?
7, 29
Let b be (-1)/(-4) + (-9712)/(-64). Let g = b + -97. List the prime factors of g.
5, 11
Let o be (-1)/(973/(-2856) + (-1)/(-3)). Suppose -68 = 3*v - 5*x - 294, -4*x + o = 2*v. List the prime factors of v.
2, 3
Let y(s) = -s + 2. Let r be y(7). Let g = r - -9. Suppose -5*h + 71 = g*d - 91, 4*h - 2*d = 114. List the prime factors of h.
2, 3, 5
Suppose -5 + 8 = h. Suppose 8*i - 570 = h*i. List the prime factors of i.
2, 3, 19
Let v = 318 - 119. Let m = v - 110. List the prime factors of m.
89
Let w(m) = -19*m - 8. Let l be w(-6). Suppose -a + 53 = -o, 0*o - 4*o + l = 2*a. List the prime factors of a.
53
Suppose -12*m - 12 = -16*m. Suppose 0 = -4*n - 4*u + 1116, 5*n - 619 = -m*u + 778. What are the prime factors of n?
2, 5, 7
Let t = -2773 - -5584. What are the prime factors of t?
3, 937
Suppose -2*a - 2*g + 322 = 0, 0 = -2*a + g - 34 + 344. Let m = -102 + a. List the prime factors of m.
5, 11
Let i = -78 + 91. Suppose -i*x - 2*x + 4455 = 0. What are the prime factors of x?
3, 11
Let m(g) = -g**3 + 15*g**2 - 15*g + 13. Let u be 0 + -2 + 0 + 16. Let s be m(u). List the prime factors of -2 - s - (2 - 7).
2
Let p(k) = -k**2 - 18*k + 6. Let l be p(-18). Suppose 0 = -l*y + 8*y + w - 490, 0 = y - 4*w - 245. What are the prime factors of y?
5, 7
Let a(h) = h**3 + 14*h**2 - h + 63. What are the prime factors of a(-9)?
3, 53
Suppose 3*m = -3*p + 3438, -p = 4*m - 584 - 574. What are the prime factors of p?
2, 571
Let m = 17 + -16. What are the prime factors of (-39)/(-1) + 3 + m?
43
Suppose 3*i + 1098 = h + 232, -4*h = i - 3503. What are the prime factors of h?
5, 7
Suppose 0 = 2*p + 4 - 0, -5*s + p + 2 = 0. What are the prime factors of (s - -2)/((-4)/(-110))?
5, 11
Let i(x) = 13*x**2 + x - 3. Let f be i(5). Suppose f = -2*u + 5*u. List the prime factors of u.
109
List the prime factors of (2 + (-886)/(-6))/((-2)/(-6)).
449
Let w(f) = 1 + f**2 + f**3 + 0*f**2 - 16*f + 6*f**2 + 3*f**2. List the prime factors of w(-11).
2, 7
Suppose -h = 2*x - 179, 2*x = -h - 3*x + 185. Suppose 6*i = 11*i - h. Suppose i = 3*f - 28. What are the prime factors of f?
3, 7
Let g = 18 + -6. Suppose 3*q - g = m, -m + 8 + 0 = q. Suppose q*s = 3*w + 2*w + 20, 0 = 3*s + 3*w - 24. What are the prime factors of s?
2, 3
Let g(p) = 3*p. Let k be 30/(-5) - (-3)/(-1). Let h = k - -13. List the prime factors of g(h).
2, 3
Let n(a) = -1038*a - 75. List the prime factors of n(-4).
3, 151
Let z(o) = 5*o**3 + 2*o**2 - 2*o - 2. Let k be z(3). Suppose -2*w = 5*t - k, 2*w - 155 = -w + 5*t. What are the prime factors of w?
2, 3, 5
Suppose 5*z - 9 = 11. Suppose -2*m - 5*v + 137 = -126, -z*v + 262 = 2*m. What are the prime factors of m?
3, 43
Suppose -9*i = -3*i + 90. Let v = 93 + i. What are the prime factors of v?
2, 3, 13
Let k(d) = 12*d**2 + 248*d + 25. List the prime factors of k(-28).
19, 131
Let s(w) = -3*w - 6. Let n be s(9). Let v be ((-10)/(-6))/(2/(-6)). List the prime factors of (n + v)*2/(-4).
19
Let j = 3181 + -2214. List the prime factors of j.
967
Let k(c) = -5*c**3 - c**2 - c - 1. Let o be k(-1). Suppose o*m + 15 = -5, -4*q + 2*m + 26 = 0. List the prime factors of -4 + -3 + q + 7.
2
Suppose 2*o - 2*o = 3*o. Suppose o = -2*f + 190 - 6. List the prime factors of f.
2, 23
Suppose 13*q + 9 = 16*q. List the prime factors of (4/20 - (-44)/30)*q.
5
Let k(c) be the second derivative of 7*c**3/6 - c**2/2 - 3*c. Let g be k(1). Suppose 0 = 4*s, -3*r + g = -0*r + 5*s. List the prime factors of r.
2
Suppose 4*d + 139 = 3*d. Let a be (-9)/12 + d/(-4). Suppose o = -3*p + a, o + 0*o = 2*p + 39. What are the prime factors of o?
37
Suppose -57 = 11*p - 13. List the prime factors of p/16*-3 - (-49)/4.
13
Suppose 15*j = 3*j + 5316. List the prime factors of j.
443
Suppose -7*o + 40 = -2*o. Suppose 5*s = -4*f + 45, s + 4*f - o = 1. List the prime factors of s.
3
Suppose -67 = 6*w - 1273. What are the prime factors of w?
3, 67
Let v(n) = n**2 - 2. Let l = -13 - -10. Let o be v(l). Let b(k) = k**3 - 5*k**2 - 9*k + 4. List the prime factors of b(o).
3, 13
Let t be (8/3)/((-4)/(-6)). Suppose 3*x = t*x + 4. What are the prime factors of -25*((-64)/(-20))/x?
2, 5
What are the prime factors of 574 - 6/(-4)*56/42?
2, 3
Let h = 44 + -45. What are the prime factors of 1090/40 + h/4?
3
Let m(d) be the first derivative of 7*d**5/120 + d**4/12 + 4*d**3/3 - 3. Let y(z) be the third derivative of m(z). What are the prime factors of y(3)?
23
Let a be (-23)/(-7) - (-42)/(-147). What are the prime factors of 26/1 + a/(-12)*-4?
3
Suppose -5*h + 2807 = -8. What are the prime factors of h?
563
Let z = -1217 + 2523. What are the prime factors of z?
2, 653
Suppose 0 = -3*h - 3, -11*h = 4*b - 12*h - 7085. List the prime factors of b.
7, 11, 23
Let y(x) = x**2 + 5*x + 248. What are the prime factors of y(0)?
2, 31
Let g(t) = 3*t**2 - 5*t + 3. Let a be g(2). Suppose 4*i - 137 = a*y, 2*i + y - 5*y - 70 = 0. List the prime factors of i.
3, 11
Let r(l) = 2*l**2 + 11*l. Let x be r(-6). What are the prime factors of (-3 - -1)*-1*141/x?
47
Let g = -13 - -23. Suppose -m + 3 = 0, 4*k - g - 4 = -2*m. Let p = 22 - k. List the prime factors of p.
2, 5
Suppose -4*u + u = -3. Let p be (-15 - -14) + u*202. Suppose p + 12 = 3*o. List the prime factors of o.
71
Let d(a) = a**2 + 63*a + 27. List the prime factors of d(20).
7, 241
Let g(b) = b**2 + 12*b + 219. What are the prime factors of g(-43)?
2, 97
Let a = 17 - 10. Suppose -4*h + 5*f = -9*h, 0 = -h + 3*f + 12. Suppose j - 2 = 0, -2*l + h*j + 61 - a = 0. List the prime factors of l.
2, 3, 5
Let b be (-2 - -2 - 2)*-37. Let v = b + 4. What are the prime factors of v?
2, 3, 13
Suppose -2*v + 135 = 3*v. Suppose v = 5*h - 3. Suppose 0 = r - 75 + h. What are the prime factors of r?
3, 23
Suppose 180 = g - 240. List the prime factors of g.
2, 3, 5, 7
Let m(o) be the third derivative of -o**6/120 - o**5/20 + 5*o**4/24 - o**3 + 6*o**2. Let p be m(-5). Suppose 64 = -15*d + p*d. What are the prime factors of d?
2
Let a(p) = 153*p + 251. List the prime factors of a(4).
863
Suppose 0 = 5*r + 2*w - 17, 2*w - 4*w = 8. Let t be r/(50/4)*20. Let g(y) = y**2 + 2*y - 8. List the prime factors of g(t).
2, 3
Let l be 2/4*-9*-2. Suppose -j - 3*h + 169 = 0, 0 = j + 30*h - 26*h - 172. List the prime factors of j/l + (-8)/(-36).
2, 3
Suppose -3*w - 3*t = -18, 5*w + 2*t - 18 = -0. Suppose 0 = y - w*j - 10, -4*j = -y - 4*y + 38. Suppose 7 = h + f, -5*f - y = 4. What are the prime factors of h?
3
Let p = -6 - -24. Suppose 0 = -15*v + 24*v + 36. Let c = v + p. List the prime factors of c.
2, 7
Suppose -5 = y, 2*r - 6*r = 3*y - 1817. Suppose 5*v - r = 72. Suppose -5*q + 249 = -v. What are the prime factors of q?
71
Let l(a) = 4*a + 171. List the prime factors of l(-10).
131
Suppose -592 = -4*i + 148. Suppose -3*z = 2*z - i. Let q = -9 + z. List the prime factors of q.
2, 7
Suppose -3*l = -j - 1 - 22, -2*l = -2*j - 22. Let m(v) = -v**3 + 6*v**2 + 5*v. Let x be m(l). Suppose 26*a - x = 21*a. List the prime factors of a.
2, 3
Let j(g) be the third derivative of g**6/120 - g**5/6 - 17*g**4/24 - g**3/2 - 3*g**2. What are the prime factors of j(13)?
283
Suppose 0*p = -3*y - 5*p + 6, -3*y - 2*p - 3 = 0. List the prime factors of ((-494)/(-39))/((-2)/y).
19
Suppose 3*u + 2041 = 3*f + 8*u, -5*f = -4*u - 3414. List the prime factors of f.
2, 11, 31
Let r be (2 + 10)*7/28. Suppose g - 5*m = 68, 3*g + r*m = 53 + 79. What are the prime factors of g?
2, 3
Suppose a - 14 = -3. Let l = a + -14. What are the prime factors of (0 - l) + 72/6?
3, 5
Suppose -3*q - 3 = 15. Let h(r) = -5*r**3 + 9*r**2 + 10*r + 4. Let w(b) = -b**3 + b. Let f(n) = q*w(n) + h(n). What are the prime factors of f(-8)?
2, 3
Suppose -v + 3683 = p, -24*p + 7357 = 2*v - 25*p. List the prime factors of v.
2, 5, 23
Let h(t) be the first derivative of -t**4/4 - 2*t**3/3 - t**2/2 + 12*t + 8. Let u be h(0). Let o = u - 1. What are the prime factors of o?
11
Let o = 23 - 32. Let m = o - -14. Suppose -m*b = b - 60. What are the prime factors of b?
2, 5
Let n = -818 + 1391. List the prime factors of n.
3, 191
Suppose 0 = -